.
21110122
Convert 755 (base 10) to base 3.
1000222
What is -31c0 (base 13) in base 16?
-1b04
What is 261 (base 7) in base 15?
96
1110 (base 3) to base 4
213
What is -315 (base 7) in base 6?
-423
What is 5030 (base 6) in base 10?
1098
What is 26 (base 15) in base 3?
1100
Convert -112112 (base 3) to base 12.
-288
Convert -376 (base 15) to base 9.
-1063
12113 (base 4) to base 8
627
Convert -534 (base 14) to base 15.
-486
1161 (base 9) to base 2
1101100001
What is 15a1b (base 13) in base 6?
515004
What is 311313 (base 4) in base 3?
11201200
-1050 (base 8) to base 15
-26c
db1b (base 16) to base 6
1111403
Convert -1343014 (base 5) to base 9.
-42222
-1260 (base 14) to base 13
-1609
b18 (base 14) to base 12
1316
Convert -1204 (base 6) to base 14.
-16c
Convert -1625 (base 8) to base 9.
-1228
-1568 (base 15) to base 10
-4598
Convert -10a (base 15) to base 6.
-1031
What is 13 (base 7) in base 13?
a
b5a5 (base 12) to base 5
1113403
What is 2211102210 (base 3) in base 15?
1179c
Convert -3105 (base 6) to base 10.
-689
Convert 203 (base 10) to base 14.
107
What is -414 (base 5) in base 8?
-155
4512 (base 6) to base 11
877
Convert 11100010010 (base 2) to base 8.
3422
What is -23101 (base 4) in base 16?
-2d1
Convert 1805 (base 10) to base 3.
2110212
24765 (base 11) to base 15
a7d4
What is -c761 (base 15) in base 7?
-233635
What is -6281 (base 13) in base 6?
-143025
What is 2000 (base 3) in base 5?
204
What is 6edf (base 16) in base 4?
12323133
Convert -11201 (base 4) to base 10.
-353
213 (base 7) to base 4
1230
Convert 1122003 (base 4) to base 9.
7813
-12112 (base 3) to base 15
-9e
-112011022 (base 3) to base 4
-2201102
3447 (base 12) to base 15
1aca
What is -1033203 (base 4) in base 12?
-2b43
187 (base 9) to base 14
b6
What is -1000100010 (base 2) in base 5?
-4141
Convert 97 (base 16) to base 2.
10010111
11314 (base 6) to base 14
846
What is -11202 (base 4) in base 3?
-111010
Convert 31213 (base 5) to base 4.
200022
What is -bb62 (base 12) in base 6?
-235402
-2212 (base 4) to base 16
-a6
Convert 4d9b (base 15) to base 14.
6079
Convert -1b54 (base 13) to base 5.
-113000
1323 (base 6) to base 2
101010011
b8b5 (base 13) to base 8
62103
What is -33380 (base 11) in base 13?
-19027
-412 (base 12) to base 14
-302
10211 (base 3) to base 12
87
What is -21301 (base 8) in base 6?
-105105
What is 9db (base 15) in base 9?
3048
Convert -25a6 (base 16) to base 8.
-22646
What is 4431 (base 5) in base 14?
320
12310 (base 4) to base 16
1b4
-3482 (base 16) to base 15
-3eb2
30330121 (base 4) to base 15
10a97
Convert -11979 (base 16) to base 5.
-4301212
Convert -440 (base 10) to base 8.
-670
What is 315 (base 11) in base 8?
573
What is 39b (base 16) in base 2?
1110011011
What is -34666 (base 8) in base 15?
-459e
Convert -141 (base 13) to base 16.
-de
What is 457 (base 15) in base 9?
1311
Convert -3152 (base 7) to base 15.
-4e5
30302230 (base 4) to base 8
146254
What is -3483 (base 12) in base 14?
-21c7
Convert -16306 (base 7) to base 6.
-33204
Convert -14764 (base 9) to base 16.
-2776
Convert -10562 (base 7) to base 3.
-10200122
-356 (base 10) to base 2
-101100100
-d432 (base 15) to base 2
-1010111100010110
What is -8070 (base 11) in base 15?
-32a0
-1201101110 (base 3) to base 6
-420320
Convert -6f (base 16) to base 4.
-1233
-10101011 (base 2) to base 10
-171
What is -72500 (base 8) in base 6?
-350544
1a66 (base 14) to base 8
11272
What is 306 (base 13) in base 3?
201000
-2312 (base 6) to base 10
-548
What is -4bb (base 12) in base 11?
-5a4
What is -456a (base 14) in base 6?
-131442
2045 (base 6) to base 5
3321
What is 2d89 (base 16) in base 13?
53c9
Convert 67e8 (base 15) to base 8.
53033
-821 (base 13) to base 14
-707
227 (base 16) to base 8
1047
What is 42df (base 16) in base 7?
100624
-685 (base 16) to base 6
-11421
120 (base 14) to base 9
268
Convert 2002110 (base 3) to base 2.
10111110100
Convert -45a (base 11) to base 4.
-20211
1210011010 (base 3) to base 9
53133
Convert 36204 (base 10) to base 11.
25223
232 (base 16) to base 10
562
What is -1454 (base 6) in base 14?
-202
Convert -74473 (base 10) to base 14.
-1d1d7
-12425 (base 10) to base 7
-51140
What is 20419 (base 10) in base 2?
100111111000011
What is -22011112 (base 3) in base 13?
-2930
What is -34317 (base 9) in base 2?
-101100101001010
Convert -3420 (base 5) to base 13.
-2b4
1010011000 (base 2) to base 12
474
What is -440410 (base 6) in base 3?
-1211222120
100166 (base 7) to base 10
16904
What is 903 (base 16) in base 6?
14403
1111211 (base 4) to base 16
1565
What is -16 (base 14) in base 4?
-110
78101 (base 9) to base 13
1a79a
Convert -e26 (base 15) to base 10.
-3186
What is 101110100100110 (base 2) in base 6?
302222
What is 5445 (base 7) in base 16?
798
Convert -1000010110000 (base 2) to base 9.
-5766
What is -1000110100 (base 2) in base 9?
-686
What is 1aa6 (base 15) in base 10?
5781
-202222000 (base 3) to base 10
-15282
Convert -11322 (base 4) to base 12.
-276
-114351 (base 6) to base 13
-4780
What is -165256 (base 7) in base 14?
-c09d
6957 (base 15) to base 8
53525
What is 5104 (base 6) in base 11?
929
What is -113302 (base 4) in base 16?
-5f2
1443333 (base 5) to base 15
932d
Convert -24 (base 11) to base 8.
-32
What is -2552 (base 12) in base 15?
-13c8
Convert 3057 (base 8) to base 3.
2011122
-2b78 (base 13) to base 9
-8637
1001 (base 4) to base 7
122
Convert be (base 16) to base 13.
118
What is -52f (base 16) in base 7?
-3604
What is 8354 (base 16) in base 11?
23294
What is -111410 (base 5) in base 4?
-332030
What is -218a8 (base 11) in base 14?
-b7a3
Convert 21011212 (base 3) to base 10.
5234
Convert -1777 (base 9) to base 16.
-556
a1a (base 12) to base 5
21322
What is 10100110110000011 (base 2) in base 5?
10213004
What is 42140 (base 5) in base 3?
10211112
What is -418 (base 9) in base 6?
-1325
Convert -2cc9 (base 15) to base 2.
-10010110100111
What is 4021 (base 8) in base 2?
100000010001
What is 2a96 (base 12) in base 2?
1001110010010
Convert -15442 (base 7) to base 13.
-1c90
Convert 303222 (base 6) to base 9.
36005
What is -1861 (base 11) in base 15?
-a7b
2022220 (base 3) to base 10
1698
Convert -14008 (base 9) to base 6.
-111525
What is 10143 (base 8) in base 2?
1000001100011
What is 51642 (base 8) in base 7?
116264
Convert -7f8 (base 16) to base 6.
-13240
-3813 (base 12) to base 16
-18cf
1d81 (base 14) to base 5
133110
What is -1006 (base 7) in base 4?
-11131
What is 183a4 (base 13) in base 5?
2444103
Convert 5b9 (base 13) to base 9.
1327
2450 (base 16) to base 10
9296
Convert -8bdc (base 16) to base 6.
-433432
What is -3d9 (base 14) in base 5?
-11104
Convert 2103320 (base 5) to base 3.
1202210012
110100110011100 (base 2) to base 8
64634
Convert -442 (base 11) to base 5.
-4110
Convert 5968 (base 12) to base 3.
111201222
What is -27aa7 (base 11) in base 5?
-2234201
Convert -a80 (base 11) to base 7.
-3533
What is -2468 (base 9) in base 12?
-1098
-1021002 (base 3) to base 16
-398
Convert 8bd (base 14) to base 5.
23420
Convert -94b (base 12) to base 16.
-54b
-7539 (base 11) to base 3
-111200001
Convert 1b57 (base 12) to base 9.
4564
Convert -b281 (base 12) to base 16.
-4bc1
What is 174 (base 10) in base 11?
149
22004 (base 7) to base 12
3218
Convert 422040 (base 5) to base 12.
8144
What is -4022 (base 5) in base 4?
-20000
What is -1030311 (base 4) in base 3?
-20202010
Convert 1da (base 14) to base 2.
110000100
What is 20120010 (base 3) in base 2?
1001010101110
What is -100201222 (base 3) in base 14?
-2832
-22012201 (base 3) to base 13
-2956
Convert 752 (base 15) to base 11.
1272
-21471 (base 9) to base 6
-145531
-657 (base 8) to base 7
-1154
1140004 (base 6) to base 4
32203210
What is -57377 (base 8) in base 2?
-101111011111111
What is -15550 (base 6) in base 15?
-b76
What is -3431 (base 9) in base 3?
-10111001
What is -5610 (base 7) in base 13?
-bc1
Convert -1549 (base 16) to base 5.
-133244
What is 2ef (base 16) in base 9?
1024
What is -64 (base 12) in base 14?
-56
Convert 22222330 (base 4) to base 9.
65854
What is 3745 (base 12) in base 7?
24131
-2006 (base 8) to base 13
-613
What is -112010 (base 3) in base 5?
-3011
Convert 2341 (base 7) to base 15.
3c7
Convert -3c (base 16) to base 6.
-140
Convert 3017 (base 8) to base 12.
a93
Convert 19 (base 10) to base 14.
15
Convert c2e (base 16) to base 2.